3?
False
Is 21000 a multiple of 15?
True
Is 6370 a multiple of 130?
True
Is 85 a factor of 11140?
False
Is 909 a multiple of 39?
False
Is 309 a multiple of 12?
False
Does 236 divide 109824?
False
Is 4 a factor of 1292?
True
Is 106 a factor of 5866?
False
Does 10 divide 1882?
False
Does 46 divide 7912?
True
Is 62 a factor of 6290?
False
Is 34 a factor of 918?
True
Is 2601 a multiple of 9?
True
Is 7 a factor of 56?
True
Does 17 divide 1191?
False
Does 45 divide 40230?
True
Is 91 a factor of 7275?
False
Is 19 a factor of 12272?
False
Is 127 a multiple of 14?
False
Does 48 divide 26784?
True
Is 263 a multiple of 5?
False
Is 704 a multiple of 44?
True
Is 135 a multiple of 5?
True
Is 25 a factor of 1126?
False
Does 34 divide 1382?
False
Is 2810 a multiple of 10?
True
Is 1896 a multiple of 24?
True
Does 43 divide 2838?
True
Does 22 divide 718?
False
Does 2 divide 547?
False
Is 10 a factor of 583?
False
Does 118 divide 220?
False
Does 9 divide 1395?
True
Is 3 a factor of 3?
True
Is 14 a factor of 19466?
False
Is 1584 a multiple of 22?
True
Is 827 a multiple of 37?
False
Is 14 a factor of 90342?
True
Is 3196 a multiple of 47?
True
Is 300 a factor of 35100?
True
Does 25 divide 5069?
False
Is 151 a multiple of 10?
False
Is 27 a factor of 3789?
False
Is 15 a factor of 48911?
False
Does 28 divide 418?
False
Is 4931 a multiple of 17?
False
Is 41 a factor of 57?
False
Is 2431 a multiple of 103?
False
Is 2395 a multiple of 11?
False
Does 22 divide 15439?
False
Is 110 a multiple of 9?
False
Is 8151 a multiple of 132?
False
Is 123 a factor of 9117?
False
Does 3 divide 6447?
True
Is 23 a factor of 1495?
True
Is 29 a factor of 15718?
True
Is 16 a factor of 1952?
True
Does 40 divide 18631?
False
Is 25 a factor of 1275?
True
Is 6693 a multiple of 23?
True
Does 32 divide 4000?
True
Does 4 divide 416?
True
Does 5 divide 2675?
True
Does 16 divide 80032?
True
Is 120 a factor of 644?
False
Is 7216 a multiple of 22?
True
Does 101 divide 4235?
False
Does 18 divide 198?
True
Does 22 divide 10015?
False
Is 31 a factor of 12958?
True
Is 174 a multiple of 4?
False
Does 17 divide 561?
True
Does 6 divide 210?
True
Is 20 a factor of 1975?
False
Does 41 divide 287?
True
Does 17 divide 1989?
True
Is 1044 a multiple of 4?
True
Does 35 divide 1234?
False
Does 51 divide 123487?
False
Does 10 divide 1147?
False
Is 6032 a multiple of 11?
False
Is 6304 a multiple of 32?
True
Is 1576 a multiple of 8?
True
Is 267 a factor of 6145?
False
Does 18 divide 1818?
True
Is 45 a factor of 2743?
False
Does 53 divide 24380?
True
Is 536 a multiple of 4?
True
Does 69 divide 897?
True
Is 31 a factor of 13981?
True
Is 92 a factor of 318?
False
Is 14 a factor of 3944?
False
Is 19 a factor of 30?
False
Is 1071 a multiple of 49?
False
Is 15 a factor of 855?
True
Does 37 divide 962?
True
Is 3157 a multiple of 92?
False
Does 100 divide 35606?
False
Does 237 divide 9852?
False
Does 34 divide 476?
True
Is 15 a factor of 19786?
False
Is 641 a multiple of 24?
False
Is 56 a factor of 15400?
True
Does 30 divide 5397?
False
Does 45 divide 1080?
True
Does 12 divide 277?
False
Is 5075 a multiple of 94?
False
Is 112 a factor of 1680?
True
Is 25 a factor of 950?
True
Is 64717 a multiple of 166?
False
Is 172 a factor of 8428?
True
Is 1695 a multiple of 113?
True
Does 68 divide 5987?
False
Is 28380 a multiple of 12?
True
Is 11 a factor of 6629?
False
Does 193 divide 67751?
False
Is 336 a multiple of 8?
True
Is 26928 a multiple of 153?
True
Is 27 a factor of 14814?
False
Is 23375 a multiple of 17?
True
Is 216 a multiple of 12?
True
Is 19 a factor of 16901?
False
Is 38 a factor of 3624?
False
Is 15875 a multiple of 25?
True
Does 9 divide 16407?
True
Does 103 divide 9785?
True
Is 22 a factor of 12298?
True
Is 644 a multiple of 4?
True
Is 87 a factor of 7482?
True
Does 16 divide 2871?
False
Is 18 a factor of 7834?
False
Does 147 divide 109638?
False
Is 6 a factor of 40505?
False
Does 17 divide 54246?
False
Does 16 divide 715?
False
Is 21 a factor of 3268?
False
Is 7776 a multiple of 27?
True
Does 27 divide 7857?
True
Is 6625 a multiple of 5?
True
Does 13 divide 741?
True
Is 710 a multiple of 12?
False
Is 36 a multiple of 6?
True
Does 39 divide 2343?
False
Is 6 a factor of 17312?
False
Does 77 divide 16966?
False
Is 4 a factor of 919?
False
Is 7 a factor of 518?
True
Does 45 divide 1584?
False
Is 9157 a multiple of 49?
False
Does 57 divide 4275?
True
Does 40 divide 12382?
False
Is 7885 a multiple of 11?
False
Is 4318 a multiple of 16?
False
Does 10 divide 5210?
True
Is 19 a factor of 4769?
True
Does 176 divide 13299?
False
Is 22288 a multiple of 105?
False
Does 8 divide 408?
True
Does 217 divide 9114?
True
Is 134 a factor of 17822?
True
Does 44 divide 2980?
False
Does 2 divide 13199?
False
Is 17440 a multiple of 44?
False
Is 34 a multiple of 4?
False
Is 2832 a multiple of 58?
False
Is 2064 a multiple of 20?
False
Is 4320 a multiple of 9?
True
Is 375 a multiple of 15?
True
Is 77 a factor of 750?
False
Does 15 divide 492?
False
Is 72 a factor of 20400?
False
Is 40 a factor of 2760?
True
Does 31 divide 403?
True
Is 1918 a multiple of 137?
True
Is 9090 a multiple of 15?
True
Is 198 a multiple of 33?
True
Is 122 a factor of 18579?
False
Does 227 divide 70484?
False
Does 87 divide 80131?
False
Does 3 divide 913?
False
Does 10 divide 735?
False
Is 72 a factor of 2808?
True
Does 12 divide 342?
False
Is 25 a factor of 6475?
True
Does 14 divide 2562?
True
Is 2689 a multiple of 16?
False
Is 219 a multiple of 30?
False
Is 48 a multiple of 8?
True
Does 3 divide 105?
True
Is 42 a factor of 1806?
True
Does 59 divide 1161?
False
Is 396 a multiple of 11?
True
Is 13 a factor of 3279?
False
Does 5 divide 305?
True
Is 2741 a multiple of 17?
False
Does 31 divide 3009?
False
Is 7 a factor of 118?
False
Does 40 divide 209?
False
Is 7580 a multiple of 4?
True
Does 165 divide 16335?
True
Is 559 a multiple of 35?
False
Is 1221 a multiple of 33?
True
Is 38 a factor of 31920?
True
Is 23 a factor of 1536?
False
Is 847 a multiple of 56?
False
Is 654 a multiple of 32?
False
Does 204 divide 17748?
True
Does 10 divide 1760?
True
Does 16 divide 3083?
False
Is 42 a factor of 5621?
False
Does 34 divide 3682?
False
Is 7 a factor of 6825?
True
Is 120 a multiple of 4?
True
Is 70632 a multiple of 218?
True
Is 40 a multiple of 6?
False
Does 4 divide 16?
True
Is 256 a multiple of 4?
True
Is 17 a factor of 204?
True
Is 248 a multiple of 10?
False
Does 25 divide 297?
False
Is 5345 a multiple of 37?
False
Does 27 divide 13890?
False
Is 16789 a multiple of 43?
False
Does 16 divide 4470?
False
Is 122 a multiple of 56?
False
Is 12240 a multiple of 34?
True
Does 130 divide 2860?
True
Is 57884 a multiple of 58?
True
Is 511 a multiple of 7?
True
Is 95 even?
False
Is 56 a factor of 3136?
True
Is 8 a factor of 445?
False
Does 31 divide 234?
False
Is 78 a factor of 2087?
False
Is 119 a multiple of 7?
True
Is 17 a factor of 1450?
False
Is 32 a factor of 5672?
False
Is 72 a factor of 30306?
False
Does 16 divide 272?
True
Is 184 a factor of 1288?
True
Does 28 divide 2380?
True
Is 5501 a multiple of 23?
False
Does 136 divide 38630?
False
Does 32 divide 64?
True
Is 6 a factor of 282?
True
Does 39 divide 1014?
True
Is 41 a factor of 27337?
False
Is 6 a factor of 222?
True
Is 41 a factor of 1476?
True
Is 318 a multiple of 16?
False
Is 23 a factor of 1793?
False
Is 30 a factor of 16390?
False
Is 12 a factor of 660?
True
Does 111 divide 2866?
False
Is 14 a factor of 4944?
False
Does 13 divide 5304?
True
Is 3 a factor of 2823?
True
Does 5 divide 7?
False
Does 11 divide 47025?
True
Is 232 a multiple of 8?
True
Is 4368 a multiple of 48?
True
Is 945 a multiple of 15?
True
Does 18 divide 2945?
False
Is 210 a multiple of 21?
True
Is 6 a factor of 210?
True
Is 121 a factor of 8712?
True
Is 22 a factor of 3498?
True
Does 36 divide 3358?
False
Is 19085 a multiple of 11?
True
Does 17 divide 57626?
False
Does 9 divide 5843?
False
Is 41 a factor of 4961?
True
Does 27 divide 1733?
False
Is 80 a factor of 9898?
False
Is 2 a factor of 64?
True
Is 25387 a multiple of 96?
False
Is 4 a factor of 131?
False
Does 38 divide 5805?
False
Is 26 a factor of 147?
False
Does 73 divide 49640?
True
Is 1285 a multiple of 8?
False
Does 61 divide 183?
True
Is 5138 a multiple of 14?
True
Does 18 divide 824?
False
I